{"id":3963,"date":"2025-09-15T14:02:05","date_gmt":"2025-09-15T13:02:05","guid":{"rendered":"https:\/\/www.sclocarno.ch\/wordpress\/?page_id=3963"},"modified":"2025-09-25T15:34:03","modified_gmt":"2025-09-25T14:34:03","slug":"da-sapere","status":"publish","type":"page","link":"https:\/\/sclocarno.ch\/wordpress\/da-sapere\/","title":{"rendered":"Da sapere"},"content":{"rendered":"<span itemprop=\"description\"><p>Il lago rappresenta una meravigliosa opportunit\u00e0 di svago e di condurre sport all&#8217;aperto; a Locarno, abbiamo la fortuna d&#8217;avere uno tra i bacini pi\u00f9 suggestivi dell&#8217;intero arco prealpino. Chiunque ne solchi le acque deve per\u00f2 anche conoscerne regole e rischi (quest&#8217;ultimi spesso legati alla conformazione del territorio e alla sua orografia). Anche per un canottiere la sicurezza viene prima di tutto!<\/p>\n<p><strong>Alcune raccomandazioni d&#8217;ordine generale<br \/>\n<\/strong>Remate possibilmente in gruppo invece che isolati; compilate sempre la notifica d&#8217;uscita sul computer in sede; segnalate tempestivamente eventuali danni alle barche; il giubbotto di salvataggio, dal primo novembre, \u00e8 obbligatorio (durante la stagione estiva lo \u00e8 oltre i 300 metri dalla riva).<\/p>\n<p><img loading=\"lazy\" decoding=\"async\" src=\"http:\/\/www.sclocarno.ch\/wordpress\/wp-content\/uploads\/2025\/09\/Veduta-pontile-ridotta.jpeg\" alt=\"\" width=\"1920\" height=\"1207\" \/><\/p>\n<span>","protected":false},"excerpt":{"rendered":"<p class=\"excerpt\"><span itemprop=\"description\">Il lago rappresenta una meravigliosa opportunit\u00e0 di svago e di condurre sport all&#8217;aperto; a Locarno, abbiamo la fortuna d&#8217;avere uno tra i bacini pi\u00f9 suggestivi dell&#8217;intero arco prealpino. Chiunque ne solchi le acque deve per\u00f2 anche conoscerne regole e rischi (quest&#8217;ultimi spesso legati alla conformazione&hellip;<\/span><\/p>\n<p class=\"more-link-p btn-align-right\"><a class=\"blue zoom-btn\" href=\"https:\/\/sclocarno.ch\/wordpress\/da-sapere\/\">Read More<\/a><\/p>\n","protected":false},"author":1,"featured_media":0,"parent":0,"menu_order":0,"comment_status":"closed","ping_status":"closed","template":"","meta":{"footnotes":""},"class_list":["post-3963","page","type-page","status-publish","hentry","zoom-theme-has-thumb"],"_links":{"self":[{"href":"https:\/\/sclocarno.ch\/wordpress\/wp-json\/wp\/v2\/pages\/3963","targetHints":{"allow":["GET"]}}],"collection":[{"href":"https:\/\/sclocarno.ch\/wordpress\/wp-json\/wp\/v2\/pages"}],"about":[{"href":"https:\/\/sclocarno.ch\/wordpress\/wp-json\/wp\/v2\/types\/page"}],"author":[{"embeddable":true,"href":"https:\/\/sclocarno.ch\/wordpress\/wp-json\/wp\/v2\/users\/1"}],"replies":[{"embeddable":true,"href":"https:\/\/sclocarno.ch\/wordpress\/wp-json\/wp\/v2\/comments?post=3963"}],"version-history":[{"count":12,"href":"https:\/\/sclocarno.ch\/wordpress\/wp-json\/wp\/v2\/pages\/3963\/revisions"}],"predecessor-version":[{"id":4086,"href":"https:\/\/sclocarno.ch\/wordpress\/wp-json\/wp\/v2\/pages\/3963\/revisions\/4086"}],"wp:attachment":[{"href":"https:\/\/sclocarno.ch\/wordpress\/wp-json\/wp\/v2\/media?parent=3963"}],"curies":[{"name":"wp","href":"https:\/\/api.w.org\/{rel}","templated":true}]}}